{"id":866,"date":"2023-03-15T17:33:24","date_gmt":"2023-03-15T20:33:24","guid":{"rendered":"https:\/\/www.lardavelhice.com.br\/site\/?page_id=866"},"modified":"2024-08-24T19:30:56","modified_gmt":"2024-08-24T22:30:56","slug":"transparencia-2023","status":"publish","type":"page","link":"https:\/\/www.lardavelhice.com.br\/site\/transparencia-2023\/","title":{"rendered":"TRANSPAR\u00caNCIA &#8211; 2023"},"content":{"rendered":"\n<p><a href=\"https:\/\/www.lardavelhice.com.br\/site\/wp-content\/uploads\/BALANCO-2023.pdf\" target=\"_blank\" rel=\"noreferrer noopener\">BALAN\u00c7O 2023<\/a><\/p>\n\n\n\n<p><a href=\"https:\/\/www.lardavelhice.com.br\/site\/wp-content\/uploads\/RELATORIO-ANUAL-DE-ATIVIDADES-2023.pdf\" target=\"_blank\" rel=\"noreferrer noopener\">RELATORIO ANUAL DE ATIVIDADES 2023<\/a><\/p>\n\n\n\n<p><a href=\"https:\/\/www.lardavelhice.com.br\/site\/wp-content\/uploads\/EXTRATO-TERCEIRO-QUADRIMESTRE-2023-SGTS-ESCANIADO.pdf\" target=\"_blank\" rel=\"noreferrer noopener\">EXTRATO TERCEIRO QUADRIMESTRE 2023 SGTS ESCANIADO<\/a><\/p>\n\n\n\n<p><a href=\"https:\/\/www.lardavelhice.com.br\/site\/wp-content\/uploads\/RP10-UNIAO-2023-DIGITALIZADO.pdf\" target=\"_blank\" rel=\"noreferrer noopener\">RP10 UNI\u00c3O 2023 DIGITALIZADO<\/a><\/p>\n\n\n\n<p><a href=\"https:\/\/www.lardavelhice.com.br\/site\/wp-content\/uploads\/RP10-MUNICIPAL-2023-DIGITALIZADO.pdf\" target=\"_blank\" rel=\"noreferrer noopener\">RP10 MUNICIPAL 2023 DIGITALIZADO<\/a><\/p>\n\n\n\n<p><a href=\"https:\/\/www.lardavelhice.com.br\/site\/wp-content\/uploads\/RP10-ESTADUAL-2023-DIGITALIZADO.pdf\" target=\"_blank\" rel=\"noreferrer noopener\">RP10 ESTADUAL 2023 DIGITALIZADO<\/a><\/p>\n\n\n\n<p><a href=\"https:\/\/www.lardavelhice.com.br\/site\/wp-content\/uploads\/RP10-CORRIGIDO.pdf\" target=\"_blank\" rel=\"noreferrer noopener\">RP10 CORRIGIDO<\/a><\/p>\n\n\n\n<p><a href=\"https:\/\/www.lardavelhice.com.br\/site\/wp-content\/uploads\/DECLARACOES-ART-87-ESCANIADAS.pdf\">DECLARA\u00c7\u00d5ES ART 87 <\/a><a href=\"https:\/\/www.lardavelhice.com.br\/site\/wp-content\/uploads\/DECLARACOES-ART-87-ESCANIADAS.pdf\" target=\"_blank\" rel=\"noreferrer noopener\">ESCANIADAS<\/a><\/p>\n\n\n\n<p><strong><a href=\"https:\/\/www.lardavelhice.com.br\/site\/wp-content\/uploads\/PLANO-DE-TRABALHO-2023.pdf\" target=\"_blank\" rel=\"noreferrer noopener\">PLANO DE TRABALHO 2023<\/a><\/strong><\/p>\n\n\n\n<p><strong><a href=\"https:\/\/www.lardavelhice.com.br\/site\/wp-content\/uploads\/SEGUNDO-APOSTILAMENTO-2023.pdf\" target=\"_blank\" rel=\"noreferrer noopener\">SEGUNDO APOSTILAMENTO 2023<\/a><\/strong><\/p>\n","protected":false},"excerpt":{"rendered":"<p>BALAN\u00c7O 2023 RELATORIO ANUAL DE ATIVIDADES 2023 EXTRATO TERCEIRO QUADRIMESTRE 2023 SGTS ESCANIADO RP10 UNI\u00c3O 2023 DIGITALIZADO RP10 MUNICIPAL 2023 DIGITALIZADO RP10 ESTADUAL 2023 DIGITALIZADO RP10 CORRIGIDO DECLARA\u00c7\u00d5ES ART 87 ESCANIADAS PLANO DE TRABALHO 2023 SEGUNDO APOSTILAMENTO 2023<\/p>\n","protected":false},"author":1,"featured_media":0,"parent":0,"menu_order":0,"comment_status":"closed","ping_status":"closed","template":"","meta":{"ngg_post_thumbnail":0,"footnotes":""},"class_list":["post-866","page","type-page","status-publish","hentry"],"_links":{"self":[{"href":"https:\/\/www.lardavelhice.com.br\/site\/wp-json\/wp\/v2\/pages\/866","targetHints":{"allow":["GET"]}}],"collection":[{"href":"https:\/\/www.lardavelhice.com.br\/site\/wp-json\/wp\/v2\/pages"}],"about":[{"href":"https:\/\/www.lardavelhice.com.br\/site\/wp-json\/wp\/v2\/types\/page"}],"author":[{"embeddable":true,"href":"https:\/\/www.lardavelhice.com.br\/site\/wp-json\/wp\/v2\/users\/1"}],"replies":[{"embeddable":true,"href":"https:\/\/www.lardavelhice.com.br\/site\/wp-json\/wp\/v2\/comments?post=866"}],"version-history":[{"count":0,"href":"https:\/\/www.lardavelhice.com.br\/site\/wp-json\/wp\/v2\/pages\/866\/revisions"}],"wp:attachment":[{"href":"https:\/\/www.lardavelhice.com.br\/site\/wp-json\/wp\/v2\/media?parent=866"}],"curies":[{"name":"wp","href":"https:\/\/api.w.org\/{rel}","templated":true}]}}