{"id":658,"date":"2019-08-08T12:11:07","date_gmt":"2019-08-08T15:11:07","guid":{"rendered":"http:\/\/www.lardavelhice.com.br\/site\/?page_id=658"},"modified":"2019-08-08T12:11:10","modified_gmt":"2019-08-08T15:11:10","slug":"transparencia-2017","status":"publish","type":"page","link":"https:\/\/www.lardavelhice.com.br\/site\/transparencia-2017\/","title":{"rendered":"TRANSPAR\u00caNCIA 2017"},"content":{"rendered":"\n<p><a href=\"http:\/\/www.lardavelhice.com.br\/site\/prestacao-de-contas-de-recursos-repassado-ao-lar-da-velhice-em-2017-anexo-14-e-modelo-2\">Presta\u00e7\u00e3o de Contas de Recursos Repassado ao Lar da Velhice em 2017 (Anexo 14 e Modelo 2)<\/a><\/p>\n\n\n\n<p><a href=\"http:\/\/www.lardavelhice.com.br\/site\/balanco-e-demonstracoes-contabeis-2017\/\">Balan\u00e7o e Demonstra\u00e7\u00f5es Cont\u00e1beis 2017<\/a><\/p>\n\n\n\n<p><a href=\"http:\/\/www.lardavelhice.com.br\/site\/wp-content\/uploads\/2018\/05\/Plano-de-Trabalho-2017.pdf\" target=\"_blank\" rel=\"noreferrer noopener\">Plano de Trabalho 2017<\/a><\/p>\n\n\n\n<p><a href=\"http:\/\/www.lardavelhice.com.br\/site\/wp-content\/uploads\/2018\/05\/Termo-de-colaboracao-2017.pdf\" target=\"_blank\" rel=\"noreferrer noopener\">Termo de Colabora\u00e7\u00e3o 2017<\/a><\/p>\n\n\n\n<p><\/p>\n","protected":false},"excerpt":{"rendered":"<p>Presta\u00e7\u00e3o de Contas de Recursos Repassado ao Lar da Velhice em 2017 (Anexo 14 e Modelo 2) Balan\u00e7o e Demonstra\u00e7\u00f5es Cont\u00e1beis 2017 Plano de Trabalho 2017 Termo de Colabora\u00e7\u00e3o 2017<\/p>\n","protected":false},"author":1,"featured_media":0,"parent":0,"menu_order":0,"comment_status":"closed","ping_status":"closed","template":"","meta":{"ngg_post_thumbnail":0,"footnotes":""},"class_list":["post-658","page","type-page","status-publish","hentry"],"_links":{"self":[{"href":"https:\/\/www.lardavelhice.com.br\/site\/wp-json\/wp\/v2\/pages\/658","targetHints":{"allow":["GET"]}}],"collection":[{"href":"https:\/\/www.lardavelhice.com.br\/site\/wp-json\/wp\/v2\/pages"}],"about":[{"href":"https:\/\/www.lardavelhice.com.br\/site\/wp-json\/wp\/v2\/types\/page"}],"author":[{"embeddable":true,"href":"https:\/\/www.lardavelhice.com.br\/site\/wp-json\/wp\/v2\/users\/1"}],"replies":[{"embeddable":true,"href":"https:\/\/www.lardavelhice.com.br\/site\/wp-json\/wp\/v2\/comments?post=658"}],"version-history":[{"count":0,"href":"https:\/\/www.lardavelhice.com.br\/site\/wp-json\/wp\/v2\/pages\/658\/revisions"}],"wp:attachment":[{"href":"https:\/\/www.lardavelhice.com.br\/site\/wp-json\/wp\/v2\/media?parent=658"}],"curies":[{"name":"wp","href":"https:\/\/api.w.org\/{rel}","templated":true}]}}