{"id":593,"date":"2018-10-23T19:24:00","date_gmt":"2018-10-23T22:24:00","guid":{"rendered":"http:\/\/www.lardavelhice.com.br\/site\/?page_id=593"},"modified":"2023-03-15T17:35:52","modified_gmt":"2023-03-15T20:35:52","slug":"balanco-e-demonstracoes-contabeis-2017","status":"publish","type":"page","link":"https:\/\/www.lardavelhice.com.br\/site\/balanco-e-demonstracoes-contabeis-2017\/","title":{"rendered":"BALAN\u00c7O E DEMONSTRA\u00c7\u00d5ES CONT\u00c1BEIS 2017"},"content":{"rendered":"<p><strong>Balan\u00e7o e Demonstra\u00e7\u00f5es Cont\u00e1beis 2017:<\/strong><\/p>\n<p><a href=\"http:\/\/www.lardavelhice.com.br\/site\/wp-content\/uploads\/2018\/10\/BALAN\u00c7O-PATRIMONIAL-2017.pdf\" target=\"_blank\" rel=\"noopener\">BALAN\u00c7O PATRIMONIAL 2017<\/a><\/p>\n<p><a href=\"http:\/\/www.lardavelhice.com.br\/site\/wp-content\/uploads\/2018\/10\/DEMONSTRA\u00c7\u00c3O-DAS-MUTA\u00c7\u00d5ES-DO-PATRIMONIO-LIQUIDO-E-DEMONSTRA\u00c7\u00c3O-DOS-SUPER\u00c1VIT-E-D\u00c9FICIT-ACUMULADOS-2017.pdf\" target=\"_blank\" rel=\"noopener\">DEMONSTRA\u00c7\u00c3O DAS MUTA\u00c7\u00d5ES DO PATRIM\u00d4NIO L\u00cdQUIDO E DEMONSTRA\u00c7\u00c3O DOS SUPER\u00c1VIT E D\u00c9FICIT ACUMULADOS 2017<\/a><\/p>\n<p><a href=\"http:\/\/www.lardavelhice.com.br\/site\/wp-content\/uploads\/2018\/10\/DEMONSTRA\u00c7\u00c3O-DO-FLUXO-DE-CAIXA-2017.pdf\" target=\"_blank\" rel=\"noopener\">DEMONSTRA\u00c7\u00c3O DO FLUXO DE CAIXA 2017<\/a><\/p>\n<p><a href=\"http:\/\/www.lardavelhice.com.br\/site\/wp-content\/uploads\/2018\/10\/DRE-2017.pdf\" target=\"_blank\" rel=\"noopener\">DRE &#8211; 2017<\/a><\/p>\n<p><a href=\"http:\/\/www.lardavelhice.com.br\/site\/wp-content\/uploads\/2018\/10\/DVA-DEMONSTRA\u00c7\u00c3O-DO-VALOR-ADICIONAL-2017.pdf\" target=\"_blank\" rel=\"noopener\">DVA &#8211; DEMONSTRA\u00c7\u00c3O  DO VALOR ADICIONAL 2017<\/a><\/p>\n<p><a href=\"http:\/\/www.lardavelhice.com.br\/site\/wp-content\/uploads\/2018\/10\/NOTAS-EXPLICATIVAS-2017.pdf\" target=\"_blank\" rel=\"noopener\">NOTAS EXPLICATIVAS 2017<\/a><\/p>\n<p><a href=\"http:\/\/www.lardavelhice.com.br\/site\/wp-content\/uploads\/2018\/10\/PARECER-DO-CONSELHO-FISCAL-2017.pdf\" target=\"_blank\" rel=\"noopener\">PARECER DO CONSELHO FISCAL 2017<\/a><\/p>\n","protected":false},"excerpt":{"rendered":"<p>Balan\u00e7o e Demonstra\u00e7\u00f5es Cont\u00e1beis 2017: BALAN\u00c7O PATRIMONIAL 2017 DEMONSTRA\u00c7\u00c3O DAS MUTA\u00c7\u00d5ES DO PATRIM\u00d4NIO L\u00cdQUIDO E DEMONSTRA\u00c7\u00c3O DOS SUPER\u00c1VIT E D\u00c9FICIT ACUMULADOS 2017 DEMONSTRA\u00c7\u00c3O DO FLUXO DE CAIXA 2017 DRE &#8211; 2017 DVA &#8211; DEMONSTRA\u00c7\u00c3O DO VALOR ADICIONAL 2017 NOTAS EXPLICATIVAS 2017 PARECER DO CONSELHO FISCAL 2017<\/p>\n","protected":false},"author":1,"featured_media":0,"parent":0,"menu_order":0,"comment_status":"closed","ping_status":"closed","template":"","meta":{"ngg_post_thumbnail":0,"footnotes":""},"class_list":["post-593","page","type-page","status-publish","hentry"],"_links":{"self":[{"href":"https:\/\/www.lardavelhice.com.br\/site\/wp-json\/wp\/v2\/pages\/593","targetHints":{"allow":["GET"]}}],"collection":[{"href":"https:\/\/www.lardavelhice.com.br\/site\/wp-json\/wp\/v2\/pages"}],"about":[{"href":"https:\/\/www.lardavelhice.com.br\/site\/wp-json\/wp\/v2\/types\/page"}],"author":[{"embeddable":true,"href":"https:\/\/www.lardavelhice.com.br\/site\/wp-json\/wp\/v2\/users\/1"}],"replies":[{"embeddable":true,"href":"https:\/\/www.lardavelhice.com.br\/site\/wp-json\/wp\/v2\/comments?post=593"}],"version-history":[{"count":0,"href":"https:\/\/www.lardavelhice.com.br\/site\/wp-json\/wp\/v2\/pages\/593\/revisions"}],"wp:attachment":[{"href":"https:\/\/www.lardavelhice.com.br\/site\/wp-json\/wp\/v2\/media?parent=593"}],"curies":[{"name":"wp","href":"https:\/\/api.w.org\/{rel}","templated":true}]}}