{"id":18,"date":"2016-09-08T04:02:36","date_gmt":"2016-09-08T07:02:36","guid":{"rendered":"http:\/\/www.lardavelhice.com.br\/site\/?page_id=18"},"modified":"2026-02-20T01:09:25","modified_gmt":"2026-02-20T04:09:25","slug":"fotos","status":"publish","type":"page","link":"https:\/\/www.lardavelhice.com.br\/site\/fotos\/","title":{"rendered":"FOTOS"},"content":{"rendered":"<h2><strong>Capela Reverendo Jose de Andrade no Lar da Velhice<\/strong><\/h2>\nngg_shortcode_0_placeholder\n<h2>&nbsp;<\/h2>\n<h2><strong>Cultos de inaugura\u00e7\u00e3o na Capela Reverendo Jos\u00e9 de Andrade<\/strong><\/h2>\nngg_shortcode_1_placeholder\n<h2>&nbsp;<\/h2>\n<h2><strong>Cultos em dia normal no Lar da Velhice<\/strong><\/h2>\nngg_shortcode_2_placeholder\n<h2>&nbsp;<\/h2>\n<h2><strong>Dia a dia do Lar da Velhice<\/strong><\/h2>\nngg_shortcode_3_placeholder\n<h2>&nbsp;<\/h2>\n<h2><strong>Doa\u00e7\u00f5es ao Lar da Velhice<\/strong><\/h2>\nngg_shortcode_4_placeholder\n<h2>&nbsp;<\/h2>\n<h2><strong>Funcion\u00e1rios do Lar da Velhice<\/strong><\/h2>\nngg_shortcode_5_placeholder\n<h2>&nbsp;<\/h2>\n<h2><strong>Horta do Lar da Velhice<\/strong><\/h2>\nngg_shortcode_6_placeholder\n<h2>&nbsp;<\/h2>\n<h2><strong>Karaok\u00ea com internos do Lar da Velhice<\/strong><\/h2>\nngg_shortcode_7_placeholder\n<h2>&nbsp;<\/h2>\n<h2><strong>Lar da Velhice 08 junho de 2009<\/strong><\/h2>\nngg_shortcode_8_placeholder\n<h2>&nbsp;<\/h2>\n<h2><strong>Lar da Velhice antes<\/strong><\/h2>\nngg_shortcode_9_placeholder\n<h2>&nbsp;<\/h2>\n<h2><strong>Passeios do Lar da Velhice<\/strong><\/h2>\nngg_shortcode_10_placeholder\n<h2>&nbsp;<\/h2>\n<h2><strong>Projeto C\u00e3o Cidad\u00e3o no Lar da Velhice<\/strong><\/h2>\nngg_shortcode_11_placeholder\n<h2>&nbsp;<\/h2>\n<h2><strong>Reformas do Lar da Velhice<\/strong><\/h2>\nngg_shortcode_12_placeholder\n","protected":false},"excerpt":{"rendered":"<p>Capela Reverendo Jose de Andrade no Lar da Velhice &#8221; order_by=&#8221;sortorder&#8221; order_direction=&#8221;ASC&#8221; returns=&#8221;included&#8221; maximum_entity_count=&#8221;500&#8243;] &nbsp; Cultos de inaugura\u00e7\u00e3o na Capela Reverendo Jos\u00e9 de Andrade &#8221; order_by=&#8221;sortorder&#8221; order_direction=&#8221;ASC&#8221; returns=&#8221;included&#8221; maximum_entity_count=&#8221;500&#8243;] &nbsp; Cultos em dia normal no Lar da Velhice &#8221; order_by=&#8221;sortorder&#8221; order_direction=&#8221;ASC&#8221; returns=&#8221;included&#8221; maximum_entity_count=&#8221;500&#8243;] &nbsp; Dia a dia do Lar da Velhice &#8221; order_by=&#8221;sortorder&#8221; order_direction=&#8221;ASC&#8221; returns=&#8221;included&#8221; [&hellip;]<\/p>\n","protected":false},"author":1,"featured_media":1043,"parent":0,"menu_order":0,"comment_status":"closed","ping_status":"closed","template":"","meta":{"ngg_post_thumbnail":0,"footnotes":""},"class_list":["post-18","page","type-page","status-publish","has-post-thumbnail","hentry"],"_links":{"self":[{"href":"https:\/\/www.lardavelhice.com.br\/site\/wp-json\/wp\/v2\/pages\/18","targetHints":{"allow":["GET"]}}],"collection":[{"href":"https:\/\/www.lardavelhice.com.br\/site\/wp-json\/wp\/v2\/pages"}],"about":[{"href":"https:\/\/www.lardavelhice.com.br\/site\/wp-json\/wp\/v2\/types\/page"}],"author":[{"embeddable":true,"href":"https:\/\/www.lardavelhice.com.br\/site\/wp-json\/wp\/v2\/users\/1"}],"replies":[{"embeddable":true,"href":"https:\/\/www.lardavelhice.com.br\/site\/wp-json\/wp\/v2\/comments?post=18"}],"version-history":[{"count":0,"href":"https:\/\/www.lardavelhice.com.br\/site\/wp-json\/wp\/v2\/pages\/18\/revisions"}],"wp:featuredmedia":[{"embeddable":true,"href":"https:\/\/www.lardavelhice.com.br\/site\/wp-json\/wp\/v2\/media\/1043"}],"wp:attachment":[{"href":"https:\/\/www.lardavelhice.com.br\/site\/wp-json\/wp\/v2\/media?parent=18"}],"curies":[{"name":"wp","href":"https:\/\/api.w.org\/{rel}","templated":true}]}}