{"id":15,"date":"2016-09-08T04:00:28","date_gmt":"2016-09-08T07:00:28","guid":{"rendered":"http:\/\/www.lardavelhice.com.br\/site\/?page_id=15"},"modified":"2026-02-20T00:54:29","modified_gmt":"2026-02-20T03:54:29","slug":"como-ajudar","status":"publish","type":"page","link":"https:\/\/www.lardavelhice.com.br\/site\/como-ajudar\/","title":{"rendered":"COMO AJUDAR"},"content":{"rendered":"<h5><strong>Como posso colaborar com o Lar da Velhice Assist\u00eancia Social ??<\/strong><\/h5>\n<h5>01 &#8211; Entrando em contato com nosso telefone:<\/h5>\n<h5><strong>(18) 36360999<\/strong><\/h5>\n<h5>01 &#8211; Entrando em contato com nossos e-mails:<\/h5>\n<h5><strong>lardavelhice@terra.com.br (Larissa)<\/strong><br \/>\n<strong>lardavelhice1944@gmail.com (Sandra)<\/strong><\/h5>\n<h5>02 &#8211; Solicitando informa\u00e7\u00f5es sobre Pix, para realizar sua doa\u00e7\u00e3o, ligue no:<\/h5>\n<p><img loading=\"lazy\" decoding=\"async\" class=\"alignnone wp-image-914 size-full\" src=\"https:\/\/www.lardavelhice.com.br\/site\/wp-content\/uploads\/whats.png\" alt=\"\" width=\"413\" height=\"122\" srcset=\"https:\/\/www.lardavelhice.com.br\/site\/wp-content\/uploads\/whats.png 413w, https:\/\/www.lardavelhice.com.br\/site\/wp-content\/uploads\/whats-300x89.png 300w, https:\/\/www.lardavelhice.com.br\/site\/wp-content\/uploads\/whats-400x118.png 400w, https:\/\/www.lardavelhice.com.br\/site\/wp-content\/uploads\/whats-292x86.png 292w\" sizes=\"auto, (max-width: 413px) 100vw, 413px\" \/><\/p>\n<h5><strong>(18) 996930479<\/strong><\/h5>\n<h5>03 &#8211; Atrav\u00e9s da Sandra e nossa Equipe de Telemarketing, que atende diariamente das 09:00 hrs \u00e0s 16:30 hrs diretamente do Lar da Velhice Assist\u00eancia Social pelo telefone:<\/h5>\n<h5><strong>Ramal 33047062<\/strong><br \/>\n<strong>Ramal 33047063<\/strong><br \/>\n<strong>Ramal 33047064<\/strong><\/h5>\n<h5>04 &#8211; Verifique logo abaixo os dados de nossa conta banc\u00e1ria:<\/h5>\n<h5><strong>Banco Sicredi<\/strong><br \/>\n<strong>Cooperativa: 3021<\/strong><br \/>\n<strong>Conta: 29630-9<\/strong><br \/>\n<strong>Chave Pix: 18 996930479<\/strong><br \/>\n<strong> LAR DA VELHICE ASSIST\u00caNCIA SOCIAL<\/strong><\/h5>\n<p><em>* Importante! O Lar da Velhice Assist\u00eancia Social n\u00e3o trabalha com cobradores ou colaboradores pedindo ajuda de porta em porta, as doa\u00e7\u00f5es devem ser feitas atrav\u00e9s de dep\u00f3sito na conta corrente indicada acima, em nossa sede ou pelo telefone para contatar nossa equipe de telemarketing.<\/em><\/p>\n<p>O Lar da Velhice tem importante disp\u00eandio com produtos necess\u00e1rios \u00e0 manuten\u00e7\u00e3o dos idosos aqui abrigados. As necessidades s\u00e3o permanentes, apenas com alguma eventual varia\u00e7\u00e3o circunstancial.<\/p>\n<p>Se voc\u00ea tiver alguma possibilidade de colaborar, n\u00e3o se acanhe! Participe!<br \/>\nAs principais necessidades constam na rela\u00e7\u00e3o exposta \u00e0 seguir:<\/p>\n<p><strong>ALIMENTOS:<\/strong><\/p>\n<p>CAF\u00c9 &#8211; 30kg \/ m\u00eas<br \/>\nFRUTAS DIVERSAS &#8211; (Banana, Ma\u00e7\u00e3, Mam\u00e3o, Laranja, Abacaxi, frutas de \u00e9poca)<br \/>\nMARGARINA &#8211; 35kg \/ m\u00eas<br \/>\nCARNE EM PEDA\u00c7O &#8211; 80kg \/ m\u00eas (Miolo de Ac\u00e9m, Cox\u00e3o Mole, Patinho)<br \/>\nCARNE MO\u00cdDA &#8211; 40kg \/ m\u00eas (Miolo de Ac\u00e9m)<br \/>\nCOXA E SOBRECOXA DE FRANGO &#8211; 80 pacotes \/ m\u00eas<br \/>\nPEITO DE FRANGO &#8211; 40 pacotes \/ m\u00eas<br \/>\nMUSSARELA E PRESUNTO &#8211; 6kg \/ m\u00eas de cada<br \/>\nSUSTAGEM &#8211; 4 latas \/ m\u00eas<br \/>\nFARINHA L\u00c1CTEA &#8211; 8 latas ou pacotes \/ m\u00eas<br \/>\nOutros&#8230;<\/p>\n<p><strong>PRODUTOS DE USO E HIGIENE PESSOAL:<\/strong><\/p>\n<p>FRALDAS GERI\u00c1TRICAS &#8211; 120 pacotes com 10 fraldas cada\/m\u00eas &#8211; Tamanhos M\/G<br \/>\nPAPEL HIGI\u00caNICO &#8211; 50 pacotes com 04 rolos cada\/m\u00eas<br \/>\nSHAMPOO, CONDICIONADOR, DESODORANTES, SABONETES, CREME DENTAL, PRESTOBARBA e outros&#8230;<\/p>\n<p><strong>PRODUTOS DE LIMPEZA:<\/strong><\/p>\n<p>\u00c1GUA SANIT\u00c1RIA OU CLORO &#8211; 100 litros<br \/>\nDESINFETANTE &#8211; 100 litros<br \/>\nDESINFETANTE CREOLINA &#8211; Prioridade &#8211; 10 latas<br \/>\nDETERGENTE (Lava-lou\u00e7as) &#8211; 20 litros<br \/>\nESPONJA DE A\u00c7O &#8211; 30 pacotes<br \/>\nSAB\u00c3O EM P\u00d3 (para lavar roupas) &#8211; 50kg<br \/>\nSABONETE L\u00cdQUIDO &#8211; 20 litros<br \/>\nSACO DE LIXO 15 LITROS &#8211; 150 unidades<br \/>\nSACO DE LIXO 50 LITROS &#8211; 150 unidades<br \/>\nSACO DE LIXO 100 LITROS &#8211; 200 unidades<br \/>\nSAP\u00d3LIO LITRO &#8211; 30 frascos<br \/>\nPAPEL TOALHA INTERFOLHADO &#8211; 10 fardos<br \/>\nRODO &#8211; 10 unidades<br \/>\nVASSOURA (Tipo Pia\u00e7ava) &#8211; 15 unidades<\/p>\n","protected":false},"excerpt":{"rendered":"<p>Como posso colaborar com o Lar da Velhice Assist\u00eancia Social ?? 01 &#8211; Entrando em contato com nosso telefone: (18) 36360999 01 &#8211; Entrando em contato com nossos e-mails: lardavelhice@terra.com.br (Larissa) lardavelhice1944@gmail.com (Sandra) 02 &#8211; Solicitando informa\u00e7\u00f5es sobre Pix, para realizar sua doa\u00e7\u00e3o, ligue no: (18) 996930479 03 &#8211; Atrav\u00e9s da Sandra e nossa Equipe [&hellip;]<\/p>\n","protected":false},"author":1,"featured_media":1037,"parent":0,"menu_order":0,"comment_status":"closed","ping_status":"closed","template":"","meta":{"ngg_post_thumbnail":0,"footnotes":""},"class_list":["post-15","page","type-page","status-publish","has-post-thumbnail","hentry"],"_links":{"self":[{"href":"https:\/\/www.lardavelhice.com.br\/site\/wp-json\/wp\/v2\/pages\/15","targetHints":{"allow":["GET"]}}],"collection":[{"href":"https:\/\/www.lardavelhice.com.br\/site\/wp-json\/wp\/v2\/pages"}],"about":[{"href":"https:\/\/www.lardavelhice.com.br\/site\/wp-json\/wp\/v2\/types\/page"}],"author":[{"embeddable":true,"href":"https:\/\/www.lardavelhice.com.br\/site\/wp-json\/wp\/v2\/users\/1"}],"replies":[{"embeddable":true,"href":"https:\/\/www.lardavelhice.com.br\/site\/wp-json\/wp\/v2\/comments?post=15"}],"version-history":[{"count":0,"href":"https:\/\/www.lardavelhice.com.br\/site\/wp-json\/wp\/v2\/pages\/15\/revisions"}],"wp:featuredmedia":[{"embeddable":true,"href":"https:\/\/www.lardavelhice.com.br\/site\/wp-json\/wp\/v2\/media\/1037"}],"wp:attachment":[{"href":"https:\/\/www.lardavelhice.com.br\/site\/wp-json\/wp\/v2\/media?parent=15"}],"curies":[{"name":"wp","href":"https:\/\/api.w.org\/{rel}","templated":true}]}}